{"id":267,"date":"2022-03-02T22:48:59","date_gmt":"2022-03-02T21:48:59","guid":{"rendered":"https:\/\/udascienza.unich.it\/?page_id=267"},"modified":"2022-03-02T23:19:50","modified_gmt":"2022-03-02T22:19:50","slug":"botanica-per-modo-di-dire","status":"publish","type":"page","link":"https:\/\/udascienza.unich.it\/?page_id=267","title":{"rendered":"Botanica &#8230; per modo di dire"},"content":{"rendered":"\n<p>La tradizione orale, con proverbi e modi di dire, rappresenta un patrimonio immateriale di conoscenza empirica delle piante &#8230; <br>Partecipa anche tu riportando il proverbio o un modo di dire e la tua interpretazione del significato.  <\/p>\n\n\n\n<blockquote class=\"wp-block-quote has-text-align-left is-layout-flow wp-block-quote-is-layout-flow\"><p><em>Non vi \u00e8 albero buono che produca un frutto cattivo, n\u00e9 vi \u00e8 d\u2019altronde albero cattivo che produca un frutto buono. Ogni albero infatti si riconosce dal suo frutto: non si raccolgono fichi dagli spini, n\u00e9 si vendemmia uva da un rovo.&nbsp;<\/em><\/p><cite>Lc 6,43-44<\/cite><\/blockquote>\n\n\n\n<p>I figli dei vegani li porta la cicoria<\/p>\n\n\n\n<figure class=\"wp-block-image size-large\"><img loading=\"lazy\" decoding=\"async\" width=\"1024\" height=\"576\" src=\"https:\/\/udascienza.unich.it\/wp-content\/uploads\/2022\/03\/WhatsApp-Image-2022-03-02-at-12.23.16-1024x576.jpeg\" alt=\"\" class=\"wp-image-286\" srcset=\"https:\/\/udascienza.unich.it\/wp-content\/uploads\/2022\/03\/WhatsApp-Image-2022-03-02-at-12.23.16-1024x576.jpeg 1024w, https:\/\/udascienza.unich.it\/wp-content\/uploads\/2022\/03\/WhatsApp-Image-2022-03-02-at-12.23.16-300x169.jpeg 300w, https:\/\/udascienza.unich.it\/wp-content\/uploads\/2022\/03\/WhatsApp-Image-2022-03-02-at-12.23.16-768x432.jpeg 768w, https:\/\/udascienza.unich.it\/wp-content\/uploads\/2022\/03\/WhatsApp-Image-2022-03-02-at-12.23.16.jpeg 1280w\" sizes=\"auto, (max-width: 1024px) 100vw, 1024px\" \/><figcaption>Leaf cross section<\/figcaption><\/figure>\n\n\n\n<p><\/p>\n","protected":false},"excerpt":{"rendered":"<p>La tradizione orale, con proverbi e modi di dire, rappresenta un patrimonio immateriale di conoscenza empirica delle piante &#8230; Partecipa &hellip; <\/p>\n","protected":false},"author":9,"featured_media":0,"parent":83,"menu_order":0,"comment_status":"closed","ping_status":"closed","template":"","meta":{"footnotes":""},"class_list":["post-267","page","type-page","status-publish","hentry"],"_links":{"self":[{"href":"https:\/\/udascienza.unich.it\/index.php?rest_route=\/wp\/v2\/pages\/267","targetHints":{"allow":["GET"]}}],"collection":[{"href":"https:\/\/udascienza.unich.it\/index.php?rest_route=\/wp\/v2\/pages"}],"about":[{"href":"https:\/\/udascienza.unich.it\/index.php?rest_route=\/wp\/v2\/types\/page"}],"author":[{"embeddable":true,"href":"https:\/\/udascienza.unich.it\/index.php?rest_route=\/wp\/v2\/users\/9"}],"replies":[{"embeddable":true,"href":"https:\/\/udascienza.unich.it\/index.php?rest_route=%2Fwp%2Fv2%2Fcomments&post=267"}],"version-history":[{"count":6,"href":"https:\/\/udascienza.unich.it\/index.php?rest_route=\/wp\/v2\/pages\/267\/revisions"}],"predecessor-version":[{"id":288,"href":"https:\/\/udascienza.unich.it\/index.php?rest_route=\/wp\/v2\/pages\/267\/revisions\/288"}],"up":[{"embeddable":true,"href":"https:\/\/udascienza.unich.it\/index.php?rest_route=\/wp\/v2\/pages\/83"}],"wp:attachment":[{"href":"https:\/\/udascienza.unich.it\/index.php?rest_route=%2Fwp%2Fv2%2Fmedia&parent=267"}],"curies":[{"name":"wp","href":"https:\/\/api.w.org\/{rel}","templated":true}]}}